
10
Let s be (-16 + -19)*((-5)/(-15))/((-14)/144). Calculate the highest common divisor of s and 1848.
24
Let a(s) = -25*s - 96*s + 25*s - 38*s + 0 - 79. Let i be a(-9). Calculate the highest common factor of i and 23.
23
Let o(z) = -z**3 - 20*z**2 + 46*z + 46. Let q be o(-22). Let t(v) = 4*v**2 - 28*v - 93. Let h be t(-3). What is the highest common divisor of h and q?
1
Let d = 3002 - 1632. What is the highest common divisor of d and 50?
10
Let w(p) = 3357*p - 2. Let t be w(1). What is the highest common factor of 55 and t?
55
Let b(n) = -2*n**3 - 7*n**2 - 11*n - 38. Let r be b(-9). Suppose 27*t = 10*t + r. Calculate the highest common factor of t and 28.
28
Let k(v) = 31*v - 10. Let d be k(5). Suppose 3*u = -t + 5*t - 87, 5*u + 4*t = -d. Let i = 56 + u. Calculate the highest common divisor of 243 and i.
27
Let u(i) = -9 + 25 - 10 + 12*i - 12. Let k be u(8). Calculate the greatest common divisor of 15 and k.
15
Let g(y) = y**2 + 2*y. Let f be g(-3). Suppose -3*k + f*b - 209 = 2*k, 3*b = 9. Let o be (-24)/5*k/6. What is the greatest common divisor of o and 8?
8
Let b = 364 - 150. Let h = -88 + b. Let f be (-4)/10 + 460/25. Calculate the highest common factor of h and f.
18
Let g be (-7 - (-246)/30)*10. Suppose 24*z = g*z + 864. What is the highest common divisor of z and 18?
18
Let s(v) = 3*v**3 - 127*v**2 + 23*v + 178. Let d be s(43). Calculate the highest common divisor of 139 and d.
139
Suppose -10*h + 13 = -37. Suppose j = 4*o + 28, 2*j - h*o - 68 = -3*o. What is the greatest common divisor of 4 and j?
4
Suppose -a - 2*p + 44 = 0, 12*a - 7*a = 2*p + 208. Suppose 2*i + 2*q = -2 + 8, q = 5*i - 33. What is the highest common factor of a and i?
6
Let p be ((-297)/6 - 0)/(((-64)/8)/16). Calculate the greatest common divisor of 4257 and p.
99
Suppose 21*z + 30*z = 25704. What is the greatest common divisor of 693 and z?
63
Let z = -80 + 144. Let i = -60 + z. Suppose 0 = 8*c - i*c - v - 138, 0 = 5*c - 5*v - 165. Calculate the highest common factor of c and 5.
5
Let z = -143 + 162. Suppose 4*l + z = 219. What is the greatest common divisor of l and 20?
10
Suppose -175*m - 844 = -2*w - 179*m, 2134 = 5*w - 2*m. Let k be (4/3)/(4/18). Calculate the greatest common factor of w and k.
6
Let r be ((-126)/15)/(-2 + 74/40). Let t = -50 + r. Suppose -206 = 3*o - 404. Calculate the highest common factor of o and t.
6
Let c be ((-6)/(-4))/(9/(-12)). Let x be 795/9 + c/6. Let v be (-9)/(-60)*-10*44/(-6). Calculate the highest common divisor of x and v.
11
Let o(a) = a**3 + 37*a**2 + 33*a - 100. Let m be o(-36). Let j be (338/m)/(1/4). Calculate the greatest common factor of 78 and j.
13
Let n be 3/2*((-102)/(-9) - 0). Let x be 3255/(-4) + 2/(-8). Let f be 2/6 - x/6. Calculate the greatest common divisor of n and f.
17
Let a(j) = -5*j + 18. Let q be a(0). Let z(i) = 3*i**2 + 2*i + 99. Let c be z(0). Calculate the highest common divisor of q and c.
9
Suppose 0 = r + 4*r - 55. Let f(d) = d**3 - 20*d**2 + 35*d - 667. Let x be f(20). What is the highest common factor of r and x?
11
Let r be 94*(2 + (-1)/2). Let p(n) = -6*n**2 + 86*n - 299. Let a be p(7). What is the highest common divisor of r and a?
3
Let s = 794 + -522. Suppose 2*k = 5*q - 5 + 53, 0 = 5*k + 5*q - 190. Calculate the highest common factor of s and k.
34
Let u be ((-1518)/(-115))/(1/15). Let i(p) = -5*p + 6. Let l be i(-6). What is the highest common factor of u and l?
18
Suppose -49 = 3*y + 29. Let r = y - -6. Let p be r/3*((-5)/2 + -2). What is the highest common divisor of 6 and p?
6
Suppose -j + 2 = 5, -4*j = -5*q + 117. Suppose 22*o - q*o = 140. What is the highest common factor of 10 and o?
10
Suppose 3*w - 792 = -8*w. Let d = -38 + w. Calculate the highest common factor of d and 2.
2
Let z be 2/(-5)*-28*10. Suppose 0 = -3089*s + 3086*s - 5*v + 31, 2*v = 4. What is the greatest common factor of z and s?
7
Let b be 8/(-56) - (-72)/14. Suppose 2*i - 381 = -b*a + 6*i, 5*a - 3*i - 382 = 0. Suppose a = 4*x - 23. What is the highest common divisor of 175 and x?
25
Suppose 40 = 5*b - 2*f, -6 = -2*b - 2*f - 4. Let s(l) = 2*l**3 - 7*l**2 + l + 14. Let v be s(b). Calculate the greatest common factor of 40 and v.
40
Suppose 2*v + 3*k - 15 = 9, 0 = 4*v + 5*k - 44. Suppose 0 = 4*q - 34 + v. Let p = -3 + 24. Calculate the highest common divisor of p and q.
7
Let q be (2/(-3))/(27/(-1863)). Suppose q*o = 40*o + 240. What is the highest common factor of o and 8?
8
Let n be (8/(-10))/((-28)/1750). Suppose -16*g + n = -6*g. Suppose -g*t + 99 = -p + 5*p, -p + 6 = -5*t. What is the greatest common factor of p and 1?
1
Let n = -29 + 32. Suppose -2*u = -n*a + 4, 0*a - u + 24 = 5*a. Suppose -5*i + 0*d + 283 = -a*d, -5*d = 10. Calculate the greatest common factor of 55 and i.
55
Suppose 6*h - 4*p = 9*h - 91, 3*h - p - 101 = 0. Let c(i) = 13*i**2 + 2*i - 1. Let x be c(2). Calculate the greatest common factor of h and x.
11
Let c(r) = r**2 - 5*r + 10. Let y be c(4). Let g(f) = -12 - 25*f + y + 3. Let s be g(-3). Calculate the greatest common factor of 18 and s.
18
Suppose 33 - 28 = f. Suppose 3*k - g + 142 + 28 = 0, -166 = 3*k + g. Let o = -54 - k. Calculate the highest common divisor of f and o.
1
Let o = 597 + -389. Suppose 2*m - 4*r - 178 = 0, 0 = -6*m + 4*m - 2*r + o. Calculate the highest common factor of 36 and m.
9
Let i(l) = -l + 15. Let f be i(9). Let m be (-1)/(0 - f/(-612)*-6). Calculate the greatest common divisor of 391 and m.
17
Suppose -2*l + 10 = 0, -4*p - l = -p - 2672. Calculate the greatest common factor of 112 and p.
7
Let j(z) = -z**3 + 6*z**2 - 5*z - 10. Let t be j(4). Suppose -t*k = -0 - 68. What is the greatest common divisor of 17 and k?
17
Let f be 0 - -3 - (1 - 168). Let c be -1 + -52 + -22 + 18. Let j = 91 + c. What is the greatest common factor of j and f?
34
Let w(o) = -13*o**2 - 115 - 13*o**2 + 55*o**2 - 8*o**2 - 11*o**2 + 14*o. Let a be w(6). Calculate the highest common divisor of 47 and a.
47
Suppose -106 = 4*h - 1386. Suppose 0 = -6*q + 16*q - h. Calculate the highest common divisor of q and 288.
32
Let a be (-15768)/(-243) + (-1)/(-9). Calculate the highest common divisor of 221 and a.
13
Suppose 12*r - 66 - 210 = 0. Suppose -5*t = 3*n - 71, -5*n + r = 8*t - 7*t. Let u be -8*(-13)/2*1. Calculate the greatest common factor of t and u.
13
Suppose -14*z = -23*z + 158 + 157. Suppose -2*x = 2*s - 62, -5*x + 50 = -3*x + 5*s. Calculate the greatest common factor of x and z.
35
Let g be (98/4 + 4)*2. Suppose -101*f = -170*f + 2622. Calculate the highest common factor of g and f.
19
Let u = -170 - -310. Let r = 310 + -275. Calculate the greatest common divisor of u and r.
35
Suppose 292 = 4*n + 4*q - 104, 3*n = q + 293. Suppose -w + 4*o - n + 163 = 0, 0 = -4*o + 12. Calculate the highest common factor of w and 56.
7
Suppose -53*z + 12244 + 16853 = 0. Calculate the highest common divisor of 9 and z.
9
Let j(i) be the first derivative of -5*i**3/3 - 51*i**2/2 - i + 57. Let x be j(-10). Calculate the highest common factor of x and 12.
3
Suppose 0 = -l - 4, -2 = -3*g + 5*l + 6. Let i be (68/16 + g - 0)*12. What is the highest common divisor of 75 and i?
3
Let h = 10428 + -5368. Suppose -37*k + h = -268. Calculate the greatest common factor of 240 and k.
48
Suppose 12 = 5*y - 13, 3*f = 2*y - 13. Let c be -2*f/(1/9*2). Suppose 4*j + 5*h = 4*h + 329, 4*j - 4*h - 304 = 0. What is the highest common factor of j and c?
9
Let l(f) be the first derivative of 4*f**3 - 3*f**2 - 2*f - 208. Let w be l(-1). Calculate the highest common factor of w and 16.
16
Let c = 437 + -432. Suppose 0 = 4*a + a - 100. Suppose c = -3*p + a. What is the highest common divisor of p and 25?
5
Let j = 127 + -121. Suppose -j - 25 = -2*d - b, 2*d = -4*b + 28. What is the greatest common factor of d and 4?
4
Suppose -3*t + c = -242, -c = -7*t + 3*t + 323. Suppose -20*s + 23*s = -18. Let i be ((-8)/(-16))/((-1)/s). What is the greatest common factor of t and i?
3
Let k(g) = -g**3 + 11*g**2 - 12*g - 22. Let b be k(7). Let j = 15 + 1. Suppose j*o - 22*o = -b. What is the greatest common divisor of 15 and o?
15
Suppose -2*d = 2*v - 10, 4*d - v - 36 = 3*v. Let w = d + 0. Suppose 371 = 29*i + 28*i - 4*i. What is the highest common factor of w and i?
7
Let o(l) = l + 3. Let z be o(6). Let a = -147 + 101. Let n = a + 55. Calculate 